{"id":66,"date":"2023-06-18T12:53:06","date_gmt":"2023-06-18T10:53:06","guid":{"rendered":"https:\/\/nawigator.net\/?page_id=66"},"modified":"2024-06-05T12:13:32","modified_gmt":"2024-06-05T10:13:32","slug":"kontakt","status":"publish","type":"page","link":"https:\/\/nawigator.net\/?page_id=66","title":{"rendered":"Kontakt"},"content":{"rendered":"\n<h6 class=\"wp-block-heading has-text-align-center\"><strong>Agnieszka Kawa\u0142ek<\/strong><\/h6>\n\n\n\n<p class=\"has-text-align-center\"><strong>ul. Ko\u0142obrzeska 28<\/strong><\/p>\n\n\n\n<p class=\"has-text-align-center\"><strong>78-131 D\u017awirzyno<\/strong><\/p>\n\n\n\n<hr class=\"wp-block-separator aligncenter has-alpha-channel-opacity\"\/>\n\n\n\n<p class=\"has-text-align-center\"><strong>tel.: 94 35 85 542<\/strong><\/p>\n\n\n\n<p class=\"has-text-align-center\"><strong>tel.: 503 696 684<\/strong><\/p>\n\n\n\n<hr class=\"wp-block-separator aligncenter has-alpha-channel-opacity\"\/>\n\n\n\n<p class=\"has-text-align-center\">Numer konta bankowego do wp\u0142at:<\/p>\n\n\n\n<figure class=\"wp-block-image aligncenter size-full is-resized\"><img loading=\"lazy\" decoding=\"async\" width=\"400\" height=\"93\" src=\"https:\/\/nawigator.net\/wp-content\/uploads\/2024\/06\/Bank_Millenium.jpg\" alt=\"\" class=\"wp-image-176\" style=\"width:157px;height:auto\" srcset=\"https:\/\/nawigator.net\/wp-content\/uploads\/2024\/06\/Bank_Millenium.jpg 400w, https:\/\/nawigator.net\/wp-content\/uploads\/2024\/06\/Bank_Millenium-300x70.jpg 300w\" sizes=\"auto, (max-width: 400px) 100vw, 400px\" \/><\/figure>\n\n\n\n<p class=\"has-text-align-center\">93 1470 0002 2279 6110 0000 0001<\/p>\n","protected":false},"excerpt":{"rendered":"<p>Agnieszka Kawa\u0142ek ul. Ko\u0142obrzeska 28 78-131 D\u017awirzyno tel.: 94 35 85 542 tel.: 503 696 684 Numer konta bankowego do<\/p>\n","protected":false},"author":1,"featured_media":0,"parent":0,"menu_order":5,"comment_status":"closed","ping_status":"closed","template":"","meta":{"colormag_page_container_layout":"default_layout","colormag_page_sidebar_layout":"default_layout","footnotes":""},"class_list":["post-66","page","type-page","status-publish","hentry"],"_links":{"self":[{"href":"https:\/\/nawigator.net\/index.php?rest_route=\/wp\/v2\/pages\/66","targetHints":{"allow":["GET"]}}],"collection":[{"href":"https:\/\/nawigator.net\/index.php?rest_route=\/wp\/v2\/pages"}],"about":[{"href":"https:\/\/nawigator.net\/index.php?rest_route=\/wp\/v2\/types\/page"}],"author":[{"embeddable":true,"href":"https:\/\/nawigator.net\/index.php?rest_route=\/wp\/v2\/users\/1"}],"replies":[{"embeddable":true,"href":"https:\/\/nawigator.net\/index.php?rest_route=%2Fwp%2Fv2%2Fcomments&post=66"}],"version-history":[{"count":3,"href":"https:\/\/nawigator.net\/index.php?rest_route=\/wp\/v2\/pages\/66\/revisions"}],"predecessor-version":[{"id":177,"href":"https:\/\/nawigator.net\/index.php?rest_route=\/wp\/v2\/pages\/66\/revisions\/177"}],"wp:attachment":[{"href":"https:\/\/nawigator.net\/index.php?rest_route=%2Fwp%2Fv2%2Fmedia&parent=66"}],"curies":[{"name":"wp","href":"https:\/\/api.w.org\/{rel}","templated":true}]}}